me factors of n.
2, 83
Let o = 1496 + -542. What are the prime factors of o?
2, 3, 53
Let q = -271 - -768. What are the prime factors of q?
7, 71
Let s(p) = 370*p - 371. List the prime factors of s(10).
3329
What are the prime factors of ((-124)/(-155))/((-10)/(-55225))?
2, 47
Suppose 2*w + 4*y = 899 + 2139, 5*y = 4*w - 6024. List the prime factors of w.
1511
List the prime factors of 19192/10 - (-20)/25.
2, 3, 5
Suppose -m + 4*c = -5*m + 16, 4*c + 12 = 0. List the prime factors of (2 - (m + -166)) + (-1)/1.
2, 5
Let q be 2/2*(-5 - -10). Suppose 2 + 3 = -q*h. List the prime factors of (27/15)/(h/(-5)).
3
Suppose 4*y + 15 = 3*y. Let d be (-370)/22 - (-18)/(-99). Let o = y - d. What are the prime factors of o?
2
Let w be 9/(-9) + (2 - -2). Suppose l + w*l - 69 = y, l - 15 = -2*y. Suppose l*j = 16*j + 59. List the prime factors of j.
59
Let g = -12 - 13. Let n = -4 - g. What are the prime factors of n?
3, 7
Suppose 2*i - 16 = 28. Suppose 4*k - 4*b - 26 = -2, 5*k - i = -3*b. Suppose 4*o = -k*d - 11 + 56, 0 = -5*o - 2*d + 69. List the prime factors of o.
3, 5
List the prime factors of ((-1040)/(-24))/(-10)*-147.
7, 13
Suppose 12*f - 779 = 3073. List the prime factors of f.
3, 107
List the prime factors of 628 - (0 + -6 - -3).
631
Let r = -1 - -67. Suppose r = s + 14. What are the prime factors of s?
2, 13
Suppose 1100 = 21*t - 17*t. Let w = 465 - t. What are the prime factors of w?
2, 5, 19
Suppose 5*i = 0, -3*w - 13*i = -14*i - 13350. List the prime factors of w.
2, 5, 89
Suppose -2848 = -3*d - 5*d. What are the prime factors of d?
2, 89
Let n(b) = -225*b - 438. List the prime factors of n(-9).
3, 23
Suppose -41*g + 22126 = -11699. List the prime factors of g.
3, 5, 11
Let w(p) = -p**3 + 21*p**2 - 10*p - 10. What are the prime factors of w(8)?
2, 7, 53
Let d(p) = p. Let t be d(3). Let l be -2*(-116)/(-8) - t. Let y = 0 - l. List the prime factors of y.
2
Suppose 0 = 4*j + 2*b - 2, -3*j = 2*b - 6*b - 18. Suppose l - 5*l = h - 755, -j*h - 200 = -l. List the prime factors of l.
2, 5, 19
Let o(y) = 625*y + 1093. What are the prime factors of o(8)?
3, 677
Let d = 355 - 28. List the prime factors of d.
3, 109
Let f(j) = -3*j + 21. Let r be f(7). Suppose -3*n + 0 + 12 = r. Suppose l - 5*m = 38, -n*l - 130 = -9*l - 5*m. List the prime factors of l.
2, 7
Let n be (-64)/(-10) - 6/15. Suppose -h - n = -0*h. List the prime factors of (23/3)/((-2)/h).
23
Suppose -4*s + 12 = 0, 3*l - 4*l = -3*s + 6. Suppose l*u - 4*n - 106 = 0, -164 = -3*u - 5*n - 40. List the prime factors of u.
2, 19
Let a = 9 - 14. Let r(q) = -4 + 0 + 8 - q. List the prime factors of r(a).
3
Suppose h - 5 = 2. Suppose 45 + 508 = h*i. What are the prime factors of i?
79
Let s(y) = y**3 + 6*y**2 - 17*y - 4. Let g be s(-8). Suppose g*x + 163 = o - 0*o, 2*o - x = 305. What are the prime factors of o?
151
Let v(h) = 116*h**3 + 5. Let n(f) = -117*f**3 - f**2 - f - 6. Let b(w) = 2*n(w) + 3*v(w). List the prime factors of b(1).
113
Let d be 5 + (4/1)/1. Let o = d + 19. What are the prime factors of o?
2, 7
Let w(l) = -l - 7 - 3*l**2 + 4*l**2 - 5*l. Let o be w(5). List the prime factors of (-2)/(o/46)*3.
23
Suppose r + 9 = 33. List the prime factors of r.
2, 3
Suppose 39*n - 23102 = -4226. What are the prime factors of n?
2, 11
List the prime factors of 1898 + 0 + 7 + -10.
5, 379
List the prime factors of ((-10)/(-12)*-9)/((-1)/48).
2, 3, 5
Let w = 26 + -24. Suppose 2*l + 3*a - 78 = -l, 4*l + w*a = 96. List the prime factors of l.
2, 11
Suppose 0*a - 2*d + 219 = a, -4*a - 3*d = -891. What are the prime factors of a?
3, 5
What are the prime factors of (-5)/4 - 220321/(-212)?
2, 3, 173
Let j be (-1 + (-5 - -8))*-1. What are the prime factors of (266/j)/((-5 - -2) + 2)?
7, 19
Let o(z) = -z**3 + 6*z**2 + 9*z + 10. Let a be o(8). Let n = a + 54. List the prime factors of n.
2
Suppose 544 = -5*o - 116. Let v = o + 258. What are the prime factors of v?
2, 3, 7
Let k(c) = 8*c - 7. Let v be (-544)/(-28) - 12/(-21). Let i = -16 + v. What are the prime factors of k(i)?
5
Suppose 3*r - 6*r + 405 = 0. Suppose -r = -5*a + 120. List the prime factors of a.
3, 17
Let g(n) = n**3 - 8*n**2 + 2*n - 8. Let f be g(8). Let l be f*(39/(-6) - 1). Let i = -26 - l. What are the prime factors of i?
2, 17
Let w(u) = -u**3 - 15*u**2 - 15*u - 2. Suppose 3*r - 41 = 10. Let n = -31 + r. List the prime factors of w(n).
2, 3
Let s(r) = r**2 + 18*r + 69. Let o be s(-13). Suppose o*u - 822 + 182 = 4*g, 5*u = 2*g + 800. List the prime factors of u.
2, 5
Suppose -5*w - 5285 = -9*w + 3*n, 3*n = -4*w + 5291. What are the prime factors of w?
2, 661
Let s(x) = -2*x - 2. Let q(n) = -2*n**2 - 25*n - 15. Let w be q(-12). List the prime factors of s(w).
2
Suppose -s - 74 = -2*s. Let q(l) = -4*l**2 + 8*l - 9. Let v be q(4). Let o = v + s. What are the prime factors of o?
3, 11
Let h = 89 - -261. List the prime factors of h.
2, 5, 7
Suppose -10 = -3*a - 4*v, 4*a + 0*a = -2*v + 10. Let x(b) be the first derivative of b**4/2 - b**3/3 + b**2/2 + b + 9. What are the prime factors of x(a)?
3, 5
Suppose 10*a - 15*a - z + 5110 = 0, 0 = 4*z + 20. List the prime factors of a.
3, 11, 31
Suppose -252 = -13*r - 83. What are the prime factors of r?
13
Let k = 6 + -3. List the prime factors of (k + (-4 - -2))/(2/364).
2, 7, 13
Let r = -1212 - -1779. List the prime factors of r.
3, 7
Let j(n) = n**3 - n**2 - n + 71. Suppose 0 = 7*l - 5*l. What are the prime factors of j(l)?
71
Suppose -5*q + 35 = 3*u, 2*u + 2*q - 26 = -2*q. Suppose 0 = -0*k - u*k. Suppose d - w + k - 20 = 0, 2*d + 5*w - 5 = 0. What are the prime factors of d?
3, 5
Let y = 33 - 31. Suppose -17 = -3*m + 2*p, -4*p + 6 = -y. What are the prime factors of m?
7
Suppose 5*t - 20 = 0, -5*d + 48 = -4*t + 6*t. Suppose 0 = -4*x + d*x - 968. What are the prime factors of x?
2, 11
Let z = 57 + -17. Let s(k) = -2 + 2 + z*k. List the prime factors of s(1).
2, 5
Let p = -11 - -13. Suppose n + 58 = 3*n + p*u, 3*n - 4*u = 115. What are the prime factors of n?
3, 11
List the prime factors of 78/(-4)*(-16)/(-12)*-7.
2, 7, 13
Let i = 16 - 16. Suppose -21*p + 24*p - 126 = i. What are the prime factors of p?
2, 3, 7
Let t(s) = -5*s - 24 + 18 + 10. Let v = 9 - 13. List the prime factors of t(v).
2, 3
Let t(h) = -h**3 - 39*h**2 - 81*h - 55. What are the prime factors of t(-37)?
2, 3, 17
Let l be ((-8)/12)/(4/(-228)). Let w(u) = 2*u. Let g be w(1). Suppose -g*k + k + l = 0. What are the prime factors of k?
2, 19
Let p be 1 + (-12)/3 + 6. Suppose 2*w - 1 = p. Suppose 0 = u - 4*d - 20, 0*u - 4*d - 36 = -w*u. List the prime factors of u.
2
What are the prime factors of 53*(-2)/4*(-40 + 26)?
7, 53
Suppose -2*m = 3*p - 139, -m = -5*m + 2*p + 286. Suppose 0 = -v + 4*i + m, -2*i + 311 = 5*v - 0*i. What are the prime factors of v?
3, 7
Suppose -4*m = -8*m + 16280. What are the prime factors of m?
2, 5, 11, 37
Let c = 72 - 105. Let a = -15 - c. List the prime factors of a.
2, 3
Let h be 8/(-44) + 6582/22. Suppose -3*l + 172 = -5*b, -l + 4*b - h = -6*l. Suppose 2*q + 22 = 4*o, 2*o + 5*q + 18 - l = 0. List the prime factors of o.
2
Let i be (-2)/(-8) - (-74)/(-8). What are the prime factors of ((-482)/(-18) - -3) + (-2)/i?
2, 3, 5
Let k be 1234/4 + (-12)/(-8). Suppose -6*h + k = y - 8*h, -2*y + 612 = -2*h. What are the prime factors of y?
2, 151
Let g(c) = -116*c - 2. List the prime factors of g(-31).
2, 3, 599
Let r(j) = 23*j - 6. Let t be r(5). Suppose -t - 91 = -5*n. List the prime factors of n.
2, 5
Let w = 504 - -175. List the prime factors of w.
7, 97
Let q(p) = p + 1. Let n(l) = -2*l**3 + 4*l**2 + 4*l. Let g(y) = -n(y) + 4*q(y). Let c be g(2). Suppose -50 = -c*x + 18. What are the prime factors of x?
17
Let z = 39 + -36. Suppose -2*q = u - 47, u = 2*q + z*u - 52. List the prime factors of q.
3, 7
Let i(a) = -a**3 - 12*a**2 - 11*a - 6. Let y be i(-11). Let t = y - -86. List the prime factors of t.
2, 5
Let v(i) be the first derivative of i**2/2 + 16*i - 6. Suppose -6*p = -p. List the prime factors of v(p).
2
Let d = -12 - -14. Suppose 2*q + 6 = -d*r - 2, -q + 4 = -r. Suppose -5*c + 76 + 49 = q. List the prime factors of c.
5
Suppose 40*t = 42*t, 0 = j + 4*t - 422. List the prime factors of j.
2, 211
Let u be 3/2*8/3. Suppose -3*o - 2*j = 3*j - 373, 5*o - 4*j - 634 = 0. Suppose -u*i + 2*i + o = 0. List the prime factors o